{"id":360,"date":"2013-04-25T07:59:37","date_gmt":"2013-04-25T05:59:37","guid":{"rendered":"http:\/\/www.jaegergruppe-feldeck.de\/wordpress\/?page_id=360"},"modified":"2026-02-27T22:24:36","modified_gmt":"2026-02-27T20:24:36","slug":"ansprechpartner","status":"publish","type":"page","link":"https:\/\/www.jaegergruppe-feldeck.de\/wordpress\/ansprechpartner\/","title":{"rendered":"Ansprechpartner \/ Impressum"},"content":{"rendered":"<p><span style=\"font-size: 13px;\"><div class=\"fusion-fullwidth fullwidth-box hundred-percent-fullwidth non-hundred-percent-height-scrolling\"  style='background-color: rgba(255,255,255,0);background-position: center center;background-repeat: no-repeat;padding-top:0px;padding-right:0px;padding-bottom:0px;padding-left:0px;'><div class=\"fusion-builder-row fusion-row \"><div  class=\"fusion-layout-column fusion_builder_column fusion_builder_column_1_1  fusion-one-full fusion-column-first fusion-column-last fusion-column-no-min-height 1_1\"  style='margin-top:0px;margin-bottom:0px;'>\n\t\t\t\t\t<div class=\"fusion-column-wrapper\" style=\"background-position:left top;background-repeat:no-repeat;-webkit-background-size:cover;-moz-background-size:cover;-o-background-size:cover;background-size:cover;\"  data-bg-url=\"\">\n\t\t\t\t\t\t<div class=\"fusion-button-wrapper\"><style type=\"text\/css\" scoped=\"scoped\">.fusion-button.button-1{width:auto;}<\/style><a class=\"fusion-button button-flat fusion-button-round button-small button-darkgreen button-1\" target=\"_self\" href=\"mailto:leiter@jaegergruppe-feldeck.de\"><span class=\"fusion-button-text\">Email<\/span><\/a><\/div> \u00a0\u00a0<\/span>Tobias Staak\u00a0 \u00a0 \u00a0Vorsitzender<\/p>\n<p><span style=\"font-size: 13px;\"><div class=\"fusion-button-wrapper\"><style type=\"text\/css\" scoped=\"scoped\">.fusion-button.button-2{width:auto;}<\/style><a class=\"fusion-button button-flat fusion-button-round button-small button-darkgreen button-2\" target=\"_self\" href=\"mailto:stvleiter@jaegergruppe-feldeck.de\"><span class=\"fusion-button-text\">Email<\/span><\/a><\/div> \u00a0\u00a0<\/span>Christoph Jahnke\u00a0 \u00a0 \u00a0stellv. Vorsitzender<\/p>\n<p><span style=\"font-size: 13px;\"><div class=\"fusion-button-wrapper\"><style type=\"text\/css\" scoped=\"scoped\">.fusion-button.button-3{width:auto;}<\/style><a class=\"fusion-button button-flat fusion-button-round button-small button-darkgreen button-3\" target=\"_self\" href=\"mailto:schatzmeister@jaegergruppe-feldeck.de\"><span class=\"fusion-button-text\">Email<\/span><\/a><\/div> \u00a0\u00a0<\/span>Julian Ritter\u00a0 \u00a0 \u00a0Schatzmeister<\/p>\n<p><span style=\"font-size: 13px;\"><div class=\"fusion-button-wrapper\"><style type=\"text\/css\" scoped=\"scoped\">.fusion-button.button-4{width:auto;}<\/style><a class=\"fusion-button button-flat fusion-button-round button-small button-darkgreen button-4\" target=\"_self\" href=\"mailto:jagd@jaegergruppe-feldeck.de\"><span class=\"fusion-button-text\">Email<\/span><\/a><\/div> \u00a0\u00a0<\/span>Hans-J\u00fcrgen Staak\u00a0 \u00a0 \u00a0Obmann Schie\u00dfwesen\/Jagd<\/p>\n<p><span style=\"font-size: 13px;\"><div class=\"fusion-button-wrapper\"><style type=\"text\/css\" scoped=\"scoped\">.fusion-button.button-5{width:auto;}<\/style><a class=\"fusion-button button-flat fusion-button-round button-small button-darkgreen button-5\" target=\"_self\" href=\"mailto:blaeser@jaegergruppe-feldeck.de\"><span class=\"fusion-button-text\">Email<\/span><\/a><\/div> \u00a0\u00a0<\/span>Matthias Schiewe\u00a0 \u00a0 \u00a0Obmann Jagdhornbl\u00e4ser<\/p>\n<p><span style=\"font-size: 13px;\"><div class=\"fusion-button-wrapper\"><style type=\"text\/css\" scoped=\"scoped\">.fusion-button.button-6{width:auto;}<\/style><a class=\"fusion-button button-flat fusion-button-round button-small button-darkgreen button-6\" target=\"_self\" href=\"mailto:web@jaegergruppe-feldeck.de\"><span class=\"fusion-button-text\">Email<\/span><\/a><\/div> \u00a0 Gero Grundmann\u00a0 \u00a0 \u00a0<\/span>Obmann Internet<\/p>\n<p>&nbsp;<\/p>\n<p><b><span style=\"color: #000000;\">Impressum \/\u00a0<\/span><\/b><strong><span style=\"font-size: small;\"><span style=\"color: #000000;\">Haftungsausschluss<\/span><\/span><\/strong><\/p>\n<p><strong><span style=\"color: #000000; font-size: small;\">\u00a0<\/span><\/strong><span style=\"font-size: small;\"><span style=\"color: #000000;\"><strong>Haftung f\u00fcr Inhalte<\/strong><\/span><\/span><\/p>\n<p><span style=\"font-size: small;\"><span style=\"color: #000000;\">Die Inhalte unserer Seiten wurden mit gr\u00f6\u00dfter Sorgfalt erstellt. F\u00fcr die Richtigkeit, Vollst\u00e4ndigkeit und Aktualit\u00e4t der Inhalte k\u00f6nnen wir jedoch keine Gew\u00e4hr \u00fcbernehmen. Als Diensteanbieter sind wir gem\u00e4\u00df \u00a7 7 Abs.1 TMG f\u00fcr eigene Inhalte auf diesen Seiten nach den allgemeinen Gesetzen verantwortlich. Nach \u00a7\u00a7 8 bis 10 TMG sind wir als Diensteanbieter jedoch nicht verpflichtet, \u00fcbermittelte oder gespeicherte fremde Informationen zu \u00fcberwachen oder nach Umst\u00e4nden zu forschen, die auf eine rechtswidrige T\u00e4tigkeit hinweisen.<\/span><\/span><\/p>\n<p><span style=\"font-size: small;\"><span style=\"color: #000000;\">Jedwede Haftung \u00fcber die gesetzlichen Vorgaben hinaus wird ausgeschlossen.<\/span><\/span><\/p>\n<p><span style=\"font-size: small;\"><span style=\"color: #000000;\"><em><b>\u00a0<\/b><\/em><\/span><\/span><span style=\"font-size: small;\"><span style=\"color: #000000;\"><strong>Haftung f\u00fcr Links<\/strong><\/span><\/span><\/p>\n<p><span style=\"font-size: small;\"><span style=\"color: #000000;\">Unser Angebot enth\u00e4lt Links zu externen Webseiten Dritter, auf deren Inhalte wir keinen Einfluss haben. Deshalb k\u00f6nnen wir f\u00fcr diese fremden Inhalte auch keine Gew\u00e4hr \u00fcbernehmen. F\u00fcr die Inhalte der verlinkten Seiten ist stets der jeweilige Anbieter oder Betreiber der Seiten verantwortlich. Bei Bekanntwerden von Rechtsverletzungen werden wir derartige Links umgehend entfernen.<\/span><\/span><\/p>\n<p><span style=\"font-size: small;\"><span style=\"color: #000000;\">\u00a0<\/span><\/span><span style=\"font-size: small;\"><span style=\"color: #000000;\"><strong>Datenschutz<\/strong><\/span><\/span><\/p>\n<p><span style=\"font-size: small;\"><span style=\"color: #000000;\">Die Nutzung unserer Webseite ist in der Regel ohne Angabe personenbezogener Daten m\u00f6glich. Soweit auf unseren Seiten personenbezogene Daten (beispielsweise Name, Anschrift oder eMail-Adressen) erhoben werden, erfolgt dies, soweit m\u00f6glich, stets auf freiwilliger Basis. Diese Daten werden ohne Ihre ausdr\u00fcckliche Zustimmung nicht an Dritte weitergegeben.<\/span><\/span><\/p>\n<p><span style=\"font-size: small;\"><span style=\"color: #000000;\">Wir weisen darauf hin, dass die Daten\u00fcbertragung im Internet (z.B. bei der Kommunikation per E-Mail) Sicherheitsl\u00fccken aufweisen kann. Ein l\u00fcckenloser Schutz der Daten vor dem Zugriff durch Dritte ist nicht m\u00f6glich.<\/span><\/span><\/p>\n<p><span style=\"font-size: small;\"><span style=\"color: #000000;\">Der Nutzung von im Rahmen der Impressumspflicht ver\u00f6ffentlichten Kontaktdaten durch Dritte zur \u00dcbersendung von nicht ausdr\u00fccklich angeforderter Werbung und Informationsmaterialien wird hiermit ausdr\u00fccklich widersprochen. Die Betreiber der Seiten behalten sich ausdr\u00fccklich rechtliche Schritte im Falle der unverlangten Zusendung von Werbeinformationen, etwa durch Spam-Mails, vor.<\/span><\/span><div class=\"fusion-clearfix\"><\/div>\n\n\t\t\t\t\t<\/div>\n\t\t\t\t<\/div><\/div><\/div><\/p>\n","protected":false},"excerpt":{"rendered":"","protected":false},"author":1,"featured_media":0,"parent":0,"menu_order":0,"comment_status":"open","ping_status":"open","template":"","meta":{"footnotes":""},"class_list":["post-360","page","type-page","status-publish","hentry"],"_links":{"self":[{"href":"https:\/\/www.jaegergruppe-feldeck.de\/wordpress\/wp-json\/wp\/v2\/pages\/360","targetHints":{"allow":["GET"]}}],"collection":[{"href":"https:\/\/www.jaegergruppe-feldeck.de\/wordpress\/wp-json\/wp\/v2\/pages"}],"about":[{"href":"https:\/\/www.jaegergruppe-feldeck.de\/wordpress\/wp-json\/wp\/v2\/types\/page"}],"author":[{"embeddable":true,"href":"https:\/\/www.jaegergruppe-feldeck.de\/wordpress\/wp-json\/wp\/v2\/users\/1"}],"replies":[{"embeddable":true,"href":"https:\/\/www.jaegergruppe-feldeck.de\/wordpress\/wp-json\/wp\/v2\/comments?post=360"}],"version-history":[{"count":23,"href":"https:\/\/www.jaegergruppe-feldeck.de\/wordpress\/wp-json\/wp\/v2\/pages\/360\/revisions"}],"predecessor-version":[{"id":2125,"href":"https:\/\/www.jaegergruppe-feldeck.de\/wordpress\/wp-json\/wp\/v2\/pages\/360\/revisions\/2125"}],"wp:attachment":[{"href":"https:\/\/www.jaegergruppe-feldeck.de\/wordpress\/wp-json\/wp\/v2\/media?parent=360"}],"curies":[{"name":"wp","href":"https:\/\/api.w.org\/{rel}","templated":true}]}}

<p><span style="font-size: 13px;"><div class="fusion-fullwidth fullwidth-box hundred-percent-fullwidth non-hundred-percent-height-scrolling"  style='background-color: rgba(255,255,255,0);background-position: center center;background-repeat: no-repeat;padding-top:0px;padding-right:0px;padding-bottom:0px;padding-left:0px;'><div class="fusion-builder-row fusion-row "><div  class="fusion-layout-column fusion_builder_column fusion_builder_column_1_1  fusion-one-full fusion-column-first fusion-column-last fusion-column-no-min-height 1_1"  style='margin-top:0px;margin-bottom:0px;'>
					<div class="fusion-column-wrapper" style="background-position:left top;background-repeat:no-repeat;-webkit-background-size:cover;-moz-background-size:cover;-o-background-size:cover;background-size:cover;"  data-bg-url="">
						<div class="fusion-button-wrapper"><style type="text/css" scoped="scoped">.fusion-button.button-1{width:auto;}</style><a class="fusion-button button-flat fusion-button-round button-small button-darkgreen button-1" target="_self" href="mailto:leiter@jaegergruppe-feldeck.de"><span class="fusion-button-text">Email</span></a></div>   </span>Tobias Staak     Vorsitzender</p>
<p><span style="font-size: 13px;"><div class="fusion-button-wrapper"><style type="text/css" scoped="scoped">.fusion-button.button-2{width:auto;}</style><a class="fusion-button button-flat fusion-button-round button-small button-darkgreen button-2" target="_self" href="mailto:stvleiter@jaegergruppe-feldeck.de"><span class="fusion-button-text">Email</span></a></div>   </span>Christoph Jahnke     stellv. Vorsitzender</p>
<p><span style="font-size: 13px;"><div class="fusion-button-wrapper"><style type="text/css" scoped="scoped">.fusion-button.button-3{width:auto;}</style><a class="fusion-button button-flat fusion-button-round button-small button-darkgreen button-3" target="_self" href="mailto:schatzmeister@jaegergruppe-feldeck.de"><span class="fusion-button-text">Email</span></a></div>   </span>Julian Ritter     Schatzmeister</p>
<p><span style="font-size: 13px;"><div class="fusion-button-wrapper"><style type="text/css" scoped="scoped">.fusion-button.button-4{width:auto;}</style><a class="fusion-button button-flat fusion-button-round button-small button-darkgreen button-4" target="_self" href="mailto:jagd@jaegergruppe-feldeck.de"><span class="fusion-button-text">Email</span></a></div>   </span>Hans-Jürgen Staak     Obmann Schießwesen/Jagd</p>
<p><span style="font-size: 13px;"><div class="fusion-button-wrapper"><style type="text/css" scoped="scoped">.fusion-button.button-5{width:auto;}</style><a class="fusion-button button-flat fusion-button-round button-small button-darkgreen button-5" target="_self" href="mailto:blaeser@jaegergruppe-feldeck.de"><span class="fusion-button-text">Email</span></a></div>   </span>Matthias Schiewe     Obmann Jagdhornbläser</p>
<p><span style="font-size: 13px;"><div class="fusion-button-wrapper"><style type="text/css" scoped="scoped">.fusion-button.button-6{width:auto;}</style><a class="fusion-button button-flat fusion-button-round button-small button-darkgreen button-6" target="_self" href="mailto:web@jaegergruppe-feldeck.de"><span class="fusion-button-text">Email</span></a></div>   Gero Grundmann     </span>Obmann Internet</p>
<p>&nbsp;</p>
<p><b><span style="color: #000000;">Impressum / </span></b><strong><span style="font-size: small;"><span style="color: #000000;">Haftungsausschluss</span></span></strong></p>
<p><strong><span style="color: #000000; font-size: small;"> </span></strong><span style="font-size: small;"><span style="color: #000000;"><strong>Haftung für Inhalte</strong></span></span></p>
<p><span style="font-size: small;"><span style="color: #000000;">Die Inhalte unserer Seiten wurden mit größter Sorgfalt erstellt. Für die Richtigkeit, Vollständigkeit und Aktualität der Inhalte können wir jedoch keine Gewähr übernehmen. Als Diensteanbieter sind wir gemäß § 7 Abs.1 TMG für eigene Inhalte auf diesen Seiten nach den allgemeinen Gesetzen verantwortlich. Nach §§ 8 bis 10 TMG sind wir als Diensteanbieter jedoch nicht verpflichtet, übermittelte oder gespeicherte fremde Informationen zu überwachen oder nach Umständen zu forschen, die auf eine rechtswidrige Tätigkeit hinweisen.</span></span></p>
<p><span style="font-size: small;"><span style="color: #000000;">Jedwede Haftung über die gesetzlichen Vorgaben hinaus wird ausgeschlossen.</span></span></p>
<p><span style="font-size: small;"><span style="color: #000000;"><em><b> </b></em></span></span><span style="font-size: small;"><span style="color: #000000;"><strong>Haftung für Links</strong></span></span></p>
<p><span style="font-size: small;"><span style="color: #000000;">Unser Angebot enthält Links zu externen Webseiten Dritter, auf deren Inhalte wir keinen Einfluss haben. Deshalb können wir für diese fremden Inhalte auch keine Gewähr übernehmen. Für die Inhalte der verlinkten Seiten ist stets der jeweilige Anbieter oder Betreiber der Seiten verantwortlich. Bei Bekanntwerden von Rechtsverletzungen werden wir derartige Links umgehend entfernen.</span></span></p>
<p><span style="font-size: small;"><span style="color: #000000;"> </span></span><span style="font-size: small;"><span style="color: #000000;"><strong>Datenschutz</strong></span></span></p>
<p><span style="font-size: small;"><span style="color: #000000;">Die Nutzung unserer Webseite ist in der Regel ohne Angabe personenbezogener Daten möglich. Soweit auf unseren Seiten personenbezogene Daten (beispielsweise Name, Anschrift oder eMail-Adressen) erhoben werden, erfolgt dies, soweit möglich, stets auf freiwilliger Basis. Diese Daten werden ohne Ihre ausdrückliche Zustimmung nicht an Dritte weitergegeben.</span></span></p>
<p><span style="font-size: small;"><span style="color: #000000;">Wir weisen darauf hin, dass die Datenübertragung im Internet (z.B. bei der Kommunikation per E-Mail) Sicherheitslücken aufweisen kann. Ein lückenloser Schutz der Daten vor dem Zugriff durch Dritte ist nicht möglich.</span></span></p>
<p><span style="font-size: small;"><span style="color: #000000;">Der Nutzung von im Rahmen der Impressumspflicht veröffentlichten Kontaktdaten durch Dritte zur Übersendung von nicht ausdrücklich angeforderter Werbung und Informationsmaterialien wird hiermit ausdrücklich widersprochen. Die Betreiber der Seiten behalten sich ausdrücklich rechtliche Schritte im Falle der unverlangten Zusendung von Werbeinformationen, etwa durch Spam-Mails, vor.</span></span><div class="fusion-clearfix"></div>

					</div>
				</div></div></div></p>
