{"id":1569,"date":"2016-07-13T12:56:55","date_gmt":"2016-07-13T10:56:55","guid":{"rendered":"http:\/\/www.jaegergruppe-feldeck.de\/wordpress\/?page_id=1569"},"modified":"2019-01-10T12:37:11","modified_gmt":"2019-01-10T10:37:11","slug":"vorschul-naturquiz-an-der-volksdorfer-schule-an-den-teichwiesen-11-07-2016","status":"publish","type":"page","link":"https:\/\/www.jaegergruppe-feldeck.de\/wordpress\/eindrucke\/offentlichkeitsarbeit-und-umweltbildung\/vorschul-naturquiz-an-der-volksdorfer-schule-an-den-teichwiesen-11-07-2016\/","title":{"rendered":"Vorschul-Naturquiz an der Volksdorfer Schule \u201eAn den Teichwiesen\u201c 11.07.2016"},"content":{"rendered":"<p><a href=\"http:\/\/www.jaegergruppe-feldeck.de\/wordpress\/wp-content\/uploads\/2016\/07\/Feldeck_Natur_Quiz_2016_07_11_003.jpg\"><img loading=\"lazy\" decoding=\"async\" class=\"alignnone size-medium wp-image-1572\" alt=\"Feldeck_Natur_Quiz_2016_07_11_003\" src=\"http:\/\/www.jaegergruppe-feldeck.de\/wordpress\/wp-content\/uploads\/2016\/07\/Feldeck_Natur_Quiz_2016_07_11_003-225x300.jpg\" width=\"225\" height=\"300\" srcset=\"https:\/\/www.jaegergruppe-feldeck.de\/wordpress\/wp-content\/uploads\/2016\/07\/Feldeck_Natur_Quiz_2016_07_11_003-225x300.jpg 225w, https:\/\/www.jaegergruppe-feldeck.de\/wordpress\/wp-content\/uploads\/2016\/07\/Feldeck_Natur_Quiz_2016_07_11_003-768x1024.jpg 768w, https:\/\/www.jaegergruppe-feldeck.de\/wordpress\/wp-content\/uploads\/2016\/07\/Feldeck_Natur_Quiz_2016_07_11_003.jpg 1536w\" sizes=\"auto, (max-width: 225px) 100vw, 225px\" \/><\/a><\/p>\n<p>Unser Gruppenmitglied Gero Grundmann hat f\u00fcr das Klassenfest der Vorschulklasse seines Sohnes, f\u00fcr Geschwister, Eltern und Gro\u00dfeltern ein Naturquiz organisiert. Kleine und gro\u00dfe Naturinteressierte konnten an einem bunten Tisch voller Federn, Felle, Tiersch\u00e4delpr\u00e4parate, Geweihe und Zweigen heimischer B\u00e4ume ihr Wissen testen und erweitern. Besonders unterhaltsam war das Erraten von Tierlauten \u2013 vom Hirschruf, Rehfiep und Ruf des Ringeltaubers \u00fcber Wildschweingrunzen und M\u00e4useln bis hin zu Fuchsgebell, Hasenklage und Eichh\u00f6rnchengekecker. Als Belohnung gab es f\u00fcr alle Teilnehmer unsere Feldeck-Wildtier-Ausmalb\u00f6gen. Besonders sch\u00f6n an der Veranstaltung waren neben dem Forschergeist der Kinder die vielen guten Gespr\u00e4che mit den Eltern und Gro\u00dfeltern, \u00fcber die Natur und die Jagd, und dar\u00fcber, wie wichtig Naturerlebnisse f\u00fcr unsere Kinder sind.<\/p>\n","protected":false},"excerpt":{"rendered":"<p>Unser Gruppenmitglied Gero Grundmann hat f\u00fcr das Klassenfest der Vorschulklasse seines Sohnes, f\u00fcr Geschwister, Eltern und Gro\u00dfeltern ein Naturquiz organisiert. Kleine und gro\u00dfe Naturinteressierte konnten an einem bunten Tisch voller Federn, Felle, Tiersch\u00e4delpr\u00e4parate, Geweihe und Zweigen heimischer B\u00e4ume ihr Wissen testen und erweitern. Besonders unterhaltsam war das Erraten von Tierlauten \u2013 vom Hirschruf, Rehfiep und Ruf des Ringeltaubers \u00fcber Wildschweingrunzen und M\u00e4useln bis hin zu Fuchsgebell, Hasenklage und Eichh\u00f6rnchengekecker. Als Belohnung gab es f\u00fcr alle Teilnehmer unsere Feldeck-Wildtier-Ausmalb\u00f6gen. Besonders sch\u00f6n an der Veranstaltung waren neben dem Forschergeist der Kinder die vielen guten Gespr\u00e4che mit den Eltern und Gro\u00dfeltern, \u00fcber die Natur und die Jagd, und dar\u00fcber, wie wichtig Naturerlebnisse f\u00fcr unsere Kinder sind.<\/p>\n","protected":false},"author":1,"featured_media":0,"parent":1192,"menu_order":0,"comment_status":"open","ping_status":"open","template":"","meta":{"footnotes":""},"class_list":["post-1569","page","type-page","status-publish","hentry"],"_links":{"self":[{"href":"https:\/\/www.jaegergruppe-feldeck.de\/wordpress\/wp-json\/wp\/v2\/pages\/1569","targetHints":{"allow":["GET"]}}],"collection":[{"href":"https:\/\/www.jaegergruppe-feldeck.de\/wordpress\/wp-json\/wp\/v2\/pages"}],"about":[{"href":"https:\/\/www.jaegergruppe-feldeck.de\/wordpress\/wp-json\/wp\/v2\/types\/page"}],"author":[{"embeddable":true,"href":"https:\/\/www.jaegergruppe-feldeck.de\/wordpress\/wp-json\/wp\/v2\/users\/1"}],"replies":[{"embeddable":true,"href":"https:\/\/www.jaegergruppe-feldeck.de\/wordpress\/wp-json\/wp\/v2\/comments?post=1569"}],"version-history":[{"count":8,"href":"https:\/\/www.jaegergruppe-feldeck.de\/wordpress\/wp-json\/wp\/v2\/pages\/1569\/revisions"}],"predecessor-version":[{"id":2020,"href":"https:\/\/www.jaegergruppe-feldeck.de\/wordpress\/wp-json\/wp\/v2\/pages\/1569\/revisions\/2020"}],"up":[{"embeddable":true,"href":"https:\/\/www.jaegergruppe-feldeck.de\/wordpress\/wp-json\/wp\/v2\/pages\/1192"}],"wp:attachment":[{"href":"https:\/\/www.jaegergruppe-feldeck.de\/wordpress\/wp-json\/wp\/v2\/media?parent=1569"}],"curies":[{"name":"wp","href":"https:\/\/api.w.org\/{rel}","templated":true}]}}