{"id":1472,"date":"2016-06-19T23:01:18","date_gmt":"2016-06-19T21:01:18","guid":{"rendered":"http:\/\/www.jaegergruppe-feldeck.de\/wordpress\/?page_id=1472"},"modified":"2016-06-19T23:01:43","modified_gmt":"2016-06-19T21:01:43","slug":"nachsuchenseminar-mit-schweishundfuhrer-chris-balke-12-04-2016","status":"publish","type":"page","link":"https:\/\/www.jaegergruppe-feldeck.de\/wordpress\/eindrucke\/aus-und-weiterbildung\/nachsuchenseminar-mit-schweishundfuhrer-chris-balke-12-04-2016\/","title":{"rendered":"Nachsuchenseminar mit Schwei\u00dfhundf\u00fchrer Chris Balke 12.04.2016"},"content":{"rendered":"<div id=\"new-royalslider-1\" class=\"royalSlider new-royalslider-1 rsDefaultInv rs-image-gallery\" style=\"width:100%;height:500px;;\">\n<div class=\"rsContent\">\n  <a class=\"rsImg\" href=\"https:\/\/www.jaegergruppe-feldeck.de\/wordpress\/wp-content\/uploads\/2016\/03\/Chris-Balke-Portrait-web-682x1024.jpg\" data-rsBigImg=\"https:\/\/www.jaegergruppe-feldeck.de\/wordpress\/wp-content\/uploads\/2016\/03\/Chris-Balke-Portrait-web.jpg\">Chris Balke Portrait web<\/a>\n  <div class=\"rsTmb\"><img decoding=\"async\" src=\"https:\/\/www.jaegergruppe-feldeck.de\/wordpress\/wp-content\/uploads\/2016\/03\/Chris-Balke-Portrait-web-96x72.jpg\" alt=\"\" \/><\/div>\n  \n  \n<\/div>\n<div class=\"rsContent\">\n  <a class=\"rsImg\" href=\"https:\/\/www.jaegergruppe-feldeck.de\/wordpress\/wp-content\/uploads\/2016\/06\/Feldeck_Chris_Balke_Nachsuchenprofis_Vortrag-1024x768.jpg\" data-rsBigImg=\"https:\/\/www.jaegergruppe-feldeck.de\/wordpress\/wp-content\/uploads\/2016\/06\/Feldeck_Chris_Balke_Nachsuchenprofis_Vortrag.jpg\">Feldeck_Chris_Balke_Nachsuchenprofis_Vortrag<\/a>\n  <div class=\"rsTmb\"><img decoding=\"async\" src=\"https:\/\/www.jaegergruppe-feldeck.de\/wordpress\/wp-content\/uploads\/2016\/06\/Feldeck_Chris_Balke_Nachsuchenprofis_Vortrag-96x72.jpg\" alt=\"\" \/><\/div>\n  \n  \n<\/div>\n\n<\/div>\n\n<p>Der Berufsj\u00e4ger Chris Balke, Leiter der Schwei\u00dfhundstation Schaalsee e.V., hat uns einen breitgef\u00e4cherten, \u00dcberblick \u00fcber seine Arbeit gegeben. Das tat er auf seine unvergleichlich unterhaltsame Weise. Die ist bekannt, weshalb wir zu unserer bis dato gr\u00f6\u00dften Veranstaltung \u00fcber 70 Gruppenmitglieder und G\u00e4ste begr\u00fc\u00dfen konnten.<\/p>\n<p>Anhand von Erfahrungen aus seinen Einsatzen und untermauert mit hervorragendem Fotomaterial gab Chris Balke uns Hinweise f\u00fcr die waid- und tierschutzgerechte Jagd, f\u00fcr die Arbeit vor und nach dem Schuss. Es war ein Abend f\u00fcr f\u00fcr Jungj\u00e4ger und alte Hasen, mit und ohne Hund. Im Anschluss an seinen Vortrag gab es Gelegenheit f\u00fcr Fragen aus dem Publikum.<\/p>\n<p>Herzlichen Dank an Chris Balke f\u00fcr das herrlich informativ-unterhaltsame Nachsuchenseminar, ebenso an die Organisations- und Bewirtungsteams Feldeck und Stavenhagenhaus!<\/p>\n<p>P.S. Im ganzen Trubel haben wir leider das Fotografieren vergessen&#8230; Daher hier nur Chris Balkes offizielles Portraitfoto und ein Bild von ihm mit dem Feldeck-Organisationsteam. Wer noch fotografiert hat, kontaktiere uns bitte \u00fcber die Homepage. Danke!<\/p>\n","protected":false},"excerpt":{"rendered":"<p>Der Berufsj\u00e4ger Chris Balke, Leiter der Schwei\u00dfhundstation Schaalsee e.V., hat uns einen breitgef\u00e4cherten, \u00dcberblick \u00fcber seine Arbeit gegeben. Das tat er auf seine unvergleichlich unterhaltsame Weise. Die ist bekannt, weshalb wir zu unserer bis dato gr\u00f6\u00dften Veranstaltung \u00fcber 70 Gruppenmitglieder und G\u00e4ste begr\u00fc\u00dfen konnten. Anhand von Erfahrungen aus seinen Einsatzen und untermauert mit hervorragendem Fotomaterial gab Chris Balke uns Hinweise f\u00fcr die waid- und tierschutzgerechte Jagd, f\u00fcr die Arbeit vor und nach dem Schuss. Es war ein Abend f\u00fcr f\u00fcr Jungj\u00e4ger und alte Hasen, mit und ohne Hund. Im Anschluss an seinen Vortrag gab es Gelegenheit f\u00fcr Fragen aus dem Publikum. Herzlichen Dank an Chris Balke f\u00fcr das herrlich informativ-unterhaltsame Nachsuchenseminar, ebenso an die Organisations- und Bewirtungsteams Feldeck und Stavenhagenhaus! P.S. Im ganzen Trubel haben wir leider das Fotografieren vergessen&#8230; Daher hier nur Chris Balkes offizielles Portraitfoto und ein Bild von ihm mit dem Feldeck-Organisationsteam. Wer noch fotografiert hat, kontaktiere uns bitte \u00fcber die Homepage. Danke!<\/p>\n","protected":false},"author":1,"featured_media":0,"parent":749,"menu_order":0,"comment_status":"open","ping_status":"open","template":"","meta":{"footnotes":""},"class_list":["post-1472","page","type-page","status-publish","hentry"],"_links":{"self":[{"href":"https:\/\/www.jaegergruppe-feldeck.de\/wordpress\/wp-json\/wp\/v2\/pages\/1472","targetHints":{"allow":["GET"]}}],"collection":[{"href":"https:\/\/www.jaegergruppe-feldeck.de\/wordpress\/wp-json\/wp\/v2\/pages"}],"about":[{"href":"https:\/\/www.jaegergruppe-feldeck.de\/wordpress\/wp-json\/wp\/v2\/types\/page"}],"author":[{"embeddable":true,"href":"https:\/\/www.jaegergruppe-feldeck.de\/wordpress\/wp-json\/wp\/v2\/users\/1"}],"replies":[{"embeddable":true,"href":"https:\/\/www.jaegergruppe-feldeck.de\/wordpress\/wp-json\/wp\/v2\/comments?post=1472"}],"version-history":[{"count":8,"href":"https:\/\/www.jaegergruppe-feldeck.de\/wordpress\/wp-json\/wp\/v2\/pages\/1472\/revisions"}],"predecessor-version":[{"id":1481,"href":"https:\/\/www.jaegergruppe-feldeck.de\/wordpress\/wp-json\/wp\/v2\/pages\/1472\/revisions\/1481"}],"up":[{"embeddable":true,"href":"https:\/\/www.jaegergruppe-feldeck.de\/wordpress\/wp-json\/wp\/v2\/pages\/749"}],"wp:attachment":[{"href":"https:\/\/www.jaegergruppe-feldeck.de\/wordpress\/wp-json\/wp\/v2\/media?parent=1472"}],"curies":[{"name":"wp","href":"https:\/\/api.w.org\/{rel}","templated":true}]}}